2051 prime?
False
Is 1155853 a prime number?
False
Is 517544297 a composite number?
False
Is 95778817 prime?
False
Is 58424741 composite?
True
Is 10875485 composite?
True
Is 84103491 a prime number?
False
Is 34370333 a prime number?
False
Is 912167 a composite number?
False
Is 803203 prime?
False
Is 52844637 composite?
True
Is 442199 prime?
False
Is 14398169 composite?
True
Is 190652879 prime?
False
Is 17743107 a composite number?
True
Is 3945434 a composite number?
True
Is 79490087 a composite number?
False
Is 55258979 composite?
True
Is 1034443 composite?
False
Is 82571351 composite?
True
Is 10735807 a composite number?
True
Is 37639205 a composite number?
True
Is 39439346 a composite number?
True
Is 21377399 a composite number?
False
Is 50357 a prime number?
False
Is 530623 prime?
False
Is 22538759 composite?
False
Is 51739523 prime?
False
Is 11591029 prime?
True
Is 8539361 a composite number?
False
Is 23230169 prime?
True
Is 5272919 a composite number?
True
Is 1837709 a prime number?
True
Is 11332003 prime?
False
Is 774205 a prime number?
False
Is 1509113 composite?
True
Is 15080963 prime?
False
Is 1159871 a composite number?
True
Is 3070213 composite?
False
Is 2525527 a prime number?
False
Is 258941057 prime?
True
Is 1855354341 a prime number?
False
Is 13675721 a prime number?
True
Is 538493 prime?
False
Is 10907263 prime?
True
Is 7404307 a prime number?
True
Is 80018251 a prime number?
True
Is 2038195 composite?
True
Is 7362695 prime?
False
Is 34646023 a composite number?
True
Is 53614285 a composite number?
True
Is 24437167 a composite number?
False
Is 8445599 a composite number?
False
Is 66896143 a composite number?
False
Is 5691869 prime?
True
Is 6601061 a composite number?
False
Is 16823 prime?
True
Is 64587113 a composite number?
False
Is 4949269 prime?
False
Is 8307847 a prime number?
False
Is 1828529 a prime number?
False
Is 2337389 a prime number?
True
Is 111499786 a prime number?
False
Is 1538807 composite?
False
Is 23800531 a prime number?
False
Is 5513723 composite?
False
Is 15891677 prime?
False
Is 50667473 a prime number?
True
Is 11784007 a composite number?
False
Is 74935703 prime?
True
Is 92873029 a prime number?
False
Is 3660131 a prime number?
True
Is 4323677 a prime number?
False
Is 518221 composite?
True
Is 13931003 prime?
True
Is 42330869 a composite number?
True
Is 3475013 a composite number?
False
Is 74342023 a composite number?
True
Is 5827943 a prime number?
False
Is 291170371 prime?
True
Is 6284389 composite?
False
Is 242128789 composite?
True
Is 43557509 a prime number?
True
Is 196387361 a prime number?
True
Is 243549773 prime?
False
Is 37316239 a composite number?
True
Is 43441329 a composite number?
True
Is 3261709 prime?
False
Is 5807419 prime?
False
Is 19993087 composite?
False
Is 13724507 a prime number?
True
Is 133564549 a composite number?
False
Is 61988306 a prime number?
False
Is 74954521 a composite number?
False
Is 23834693 a prime number?
False
Is 343613009 prime?
False
Is 25062853 prime?
False
Is 10270067 composite?
True
Is 88486577 a composite number?
False
Is 357450193 a prime number?
False
Is 33321217 a composite number?
True
Is 55718327 composite?
True
Is 136060971 a composite number?
True
Is 115679 prime?
True
Is 41569583 prime?
False
Is 257575069 prime?
True
Is 23118409 prime?
False
Is 20569079 a prime number?
False
Is 15692179 a prime number?
False
Is 7451183 composite?
True
Is 33406699 a prime number?
False
Is 95412701 a composite number?
True
Is 10296661 composite?
False
Is 312371 prime?
True
Is 155580959 composite?
False
Is 216780973 composite?
False
Is 11975441 composite?
False
Is 24811285 prime?
False
Is 291762899 a composite number?
False
Is 5705237 a prime number?
True
Is 79170019 a composite number?
False
Is 2160637 a prime number?
False
Is 3322289 composite?
True
Is 18280861 a prime number?
True
Is 1839427 composite?
False
Is 1617827 composite?
False
Is 6770297 a composite number?
True
Is 15995219 a prime number?
False
Is 152047887 a composite number?
True
Is 15492221 a composite number?
False
Is 130890407 prime?
True
Is 8544729 a prime number?
False
Is 368717 prime?
True
Is 7134683 prime?
True
Is 41105413 a composite number?
False
Is 22746007 a composite number?
False
Is 23502883 composite?
True
Is 10206949 a prime number?
True
Is 663139 prime?
False
Is 682087 a composite number?
True
Is 16224413 a prime number?
False
Is 6234421 prime?
False
Is 5001761 composite?
False
Is 3963397 prime?
False
Is 781103 prime?
False
Is 61146031 prime?
True
Is 29574019 prime?
True
Is 170382503 prime?
True
Is 96269461 composite?
False
Is 5617421 a composite number?
False
Is 4468537 prime?
True
Is 29888263 a composite number?
True
Is 15152167 prime?
True
Is 17960903 prime?
False
Is 26440093 composite?
False
Is 38300362 composite?
True
Is 4150051 prime?
False
Is 742980005 a prime number?
False
Is 3925477 a composite number?
True
Is 42095047 composite?
True
Is 4772623 composite?
False
Is 32033081 composite?
True
Is 7897066 composite?
True
Is 4418221 prime?
True
Is 339707 a composite number?
False
Is 3897389 prime?
True
Is 3541837 prime?
False
Is 2941073585 composite?
True
Is 2159177 composite?
False
Is 839303 composite?
False
Is 3826481 prime?
True
Is 105001151 composite?
False
Is 558757913 a composite number?
True
Is 290711 prime?
True
Is 25274063 prime?
True
Is 1313759 prime?
False
Is 15354811 a composite number?
False
Is 2225851 a prime number?
True
Is 6630707 a prime number?
False
Is 2783999 composite?
False
Is 564829 a composite number?
True
Is 5013094 prime?
False
Is 3491947 prime?
True
Is 17374667 a prime number?
True
Is 111711133 a composite number?
False
Is 28539283 a composite number?
False
Is 34780721 composite?
False
Is 5312569 a composite number?
True
Is 2401261 a composite number?
False
Is 6939743 a composite number?
False
Is 998133 composite?
True
Is 3845113 composite?
False
Is 2802139 prime?
False
Is 14590757 a composite number?
False
Is 221264089 composite?
False
Is 91541491 prime?
True
Is 13903517 a composite number?
False
Is 3749393 prime?
True
Is 5033571 a composite number?
True
Is 15775337 a prime number?
False
Is 79886419 a composite number?
False
Is 36740099 composite?
True
Is 985679 a composite number?
False
Is 5927309 a prime number?
False
Is 74365331 prime?
False
Is 232867793 a prime number?
True
Is 68013479 composite?
False
Is 52593259 composite?
False
Is 1277797 a prime number?
False
Is 3066127 composite?
False
Is 71963071 prime?
True
Is 1468109 a composite number?
False
Is 2266883 a prime number?
True
Is 2718799 a prime number?
True
Is 30805634 a prime number?
False
Is 7837807 a prime number?
True
Is 72938201 prime?
False
Is 5289343 composite?
False
Is 189642169 a prime number?
False
Is 3130663 a composite number?
False
Is 3054353 a prime number?
True
Is 848227 a prime number?
True
Is 1415497 prime?
True
Is 49700438 a prime number?
False
Is 1997714 prime?
False
Is 13441307 a prime number?
False
Is 71319401 composite?
False
Is 14805713 prime?
False
Is 1087093 composite?
True
Is 56091709 a prime number?
False
Is 172715098 a prime number?
False
Is 33439897 a composite number?
True
Is 20847643 a composite number?
False
Is 7921087 a composite number?
False
Is 199657 a prime number?
True
Is 19136909 a prime number?
False
Is 2628921 composite?
True
Is 21605249 a prime number?
False
Is 386209277 a composite number?
False
Is 1109703653 composite?
False
Is 35939047 a prime number?
True
Is 4438391 a composite number?
False
Is 511087 a composite number?
False
Is 45694331 prime?
False
Is 3859993 prime?
True
Is 183091379 a prime number?
True
Is 13835309 prime?
True
Is 203869873 prime?
True
Is 1310189 prime?
True
Is 342605 a prime number?
False
Is 1130677 a composite number?
False
Is 344393 a composite number?
True
Is 1458468619 composite?
False
Is 601639 prime?
False
Is 291549719 composite?
True
Is 1214333 composite?
False
Is 7830367 composite?
True
Is 60026863 prime?
False
Is 101150879 prime?
True
Is 12228917 composite?
False
Is 1021793 a prime number?
True
Is 373281 a prime number?
False
Is 24033719 a prime number?
True
Is 1031669 prime?
True
Is 12725927 composite?
True
Is 128751079 a prime number?
False
Is 12031573 a composite number?
True
Is 124530127 a composite number?
False
Is 3